ve of l**4/4 - l**3 - l**2/2 + l - 9. Give n(4).
13
Let x(i) be the third derivative of i**4/24 + 2*i**3 - 26*i**2. Determine x(-5).
7
Let u(d) be the first derivative of 0*d**2 + 0*d - 1/20*d**5 - d**3 - 1 + 1/24*d**4. Let v(l) be the third derivative of u(l). Determine v(-1).
7
Let x(q) = q**2 - q. Let r(u) = -3*u**2 + 10*u + 2. Let z(b) = -r(b) - 4*x(b). Give z(-5).
3
Let d(l) = l. Suppose -6 = 2*g + 2*g + h, g + h = 0. What is d(g)?
-2
Let b be 18/8*(-48)/18. Let g(c) be the first derivative of c**4/4 + 5*c**3/3 - 7*c**2/2 + c + 2. Determine g(b).
7
Let t be (-3)/(-2)*(-30)/9. Let b = t - -3. Let d be 1*5/b*-2. Let a(j) = -j**2 + 4*j + 7. Determine a(d).
2
Let t(h) = -h**2 - 4*h. Suppose -4*u = 6*o - o + 24, -3*u = -4*o - 44. Let g(v) = -v**2 - 9*v - 10. Let z be g(-8). Let m be o/6 - z/(-3). Give t(m).
4
Let p(f) be the first derivative of f**2 - f + 5. Calculate p(-3).
-7
Let b(a) be the third derivative of -a**5/60 - a**4/12 + 2*a**3/3 + 3*a**2. Determine b(-6).
-20
Let y(k) = 1 + 0*k**3 - k**3 + k - 3*k - 3*k**2. Let c be 12/(-8)*2/(-6)*-4. Calculate y(c).
1
Let t be 3/1*(-4)/6. Let k(y) = -8*y + 2. Let p(d) = -7*d + 1. Let m(o) = -3*k(o) + 4*p(o). Calculate m(t).
6
Let b(u) = -13*u**2 + 24*u - 45. Let m(r) = -3*r**2 + 6*r - 11. Let i(t) = 2*b(t) - 9*m(t). Calculate i(6).
9
Let d(x) be the third derivative of -x**5/60 + x**3/3 + 15*x**2. Give d(2).
-2
Let h be 3/5 + 39/(-15). Let d be 2 + (h - -1) + 1. Let p(m) = -m**3 + 2*m**2 - 2*m - 1. Give p(d).
-5
Let z = 1 + 2. Let r(k) be the first derivative of -2*k**2 + k - 23. Give r(z).
-11
Let v(k) = k**2 + 9*k - 7. Suppose -3*x + 63 = -12*x. Give v(x).
-21
Let y(p) = -2*p - 3. Let s = 20 + -15. What is y(s)?
-13
Let z(w) = w**2 - 6*w + 3. Let s(x) = x**3 + 6*x**2 - x - 1. Let q be s(-6). Determine z(q).
-2
Let d(h) = 6 - 12 - 1 + h. Determine d(6).
-1
Let j(q) be the third derivative of 0 + q**2 + 0*q + 1/120*q**6 + 0*q**4 - 1/6*q**3 + 1/30*q**5. Suppose 2*x + 12 = 3*x - 5*w, 3*x + 3 = 2*w. What is j(x)?
-10
Suppose 0 = a + a - 4. Suppose 4*w + b = -2*b + 2, 0 = 4*w - b - 10. Let f(h) = 2*h - 1 - w - h - a*h. Determine f(0).
-3
Let c(k) = -20*k**3 + 29*k**2 + 29*k - 6. Let p(g) = 7*g**3 - 10*g**2 - 10*g + 2. Let s(n) = 6*c(n) + 17*p(n). Let o = -4 - -8. Determine s(o).
14
Let p(r) = -r. Suppose 0 = 3*q + 2*q - 20. Suppose 0 = -3*d - q*n - 16, 0 = -d - 0*n - n - 4. Suppose 5*m - 1 = -z - d*z, 14 = -4*z - 2*m. What is p(z)?
4
Let h = -16 - -16. Let w(q) = -q**2 + 1. Calculate w(h).
1
Let t(x) = x + 7. Suppose 3*c - 4 - 14 = 0. Give t(c).
13
Let q(l) = -l**2 - 2*l - 1. Let k(x) = x**2 + 4*x + 2. Let p(s) = 4*k(s) + 3*q(s). What is p(-9)?
-4
Let t(o) = 6 - 137*o + o**3 + 136*o - 2*o**3. What is t(0)?
6
Let q(d) = 11*d**3 - d**2. Suppose 0 = p - 4*t + 19, -5*p - 3 = -3*p - t. Give q(p).
10
Let d(m) be the third derivative of m**9/60480 - m**8/6720 - m**6/240 + m**5/20 + 3*m**2. Let t(o) be the third derivative of d(o). Calculate t(3).
-3
Let r be ((-10)/25)/(1/(-5)). Suppose -n = -0*n - 4. Let t = n - r. Let l(u) = u**3 - 5*u**2 + 3*u - 2. Calculate l(t).
-8
Let t(w) = -w + 1. Let h(s) = s**3 + 9*s**2 - 4. Let c be h(-9). Give t(c).
5
Let a(o) = 2 - o - 2 + 2*o - 3. Determine a(3).
0
Suppose -19 = 5*k + x, -3*k + 4*x = k - 4. Let n be -2 + 5 + 3/k. Let q(r) = n + r**2 - r + r - 3*r. What is q(2)?
0
Suppose -3*d + b + 11 + 9 = 0, 0 = 5*d - 2*b - 34. Let x(a) = a - 12. Calculate x(d).
-6
Let y(d) = -3*d + 7. Let j(i) = 9*i - 21. Let x(b) = 6*j(b) + 17*y(b). Give x(6).
11
Let a be (-12)/10*30/(-9). Let b(r) = 1 + a*r**2 + 2*r - 9*r**3 - 4*r**2. Suppose 1 + 7 = -8*x. What is b(x)?
8
Suppose 0 = 6*m + 10*m - 176. Let o(i) = i**2 - 9*i - 15. Determine o(m).
7
Suppose -3*a + 4*x = -5, -5*a - x + 3*x - 1 = 0. Let m(k) be the first derivative of 3*k**2 + k - 32. Give m(a).
-5
Let z be 3*1 - 2/2. Let c(g) = -6*g. Let p(q) = -8*q - 6*q + 7*q + q. Let f(s) = 3*c(s) - 2*p(s). Determine f(z).
-12
Let u(n) = -n**3 - 9*n**2 + 9*n - 13. Suppose -5*x = -6*q + 3*q + 44, 3*x = q - 28. Give u(x).
-3
Let p(b) = 3*b - 2*b + 0*b + 7. Calculate p(-4).
3
Let n(i) = 0*i**2 + 3*i - 39 - i**3 + 0*i**2 + 38 - 3*i**2. What is n(2)?
-15
Let p(b) = b + 6. Let g be p(6). Suppose -g + 0 = 4*t. Let d(c) = 3*c + 3. What is d(t)?
-6
Let n(m) = 4*m**2 - 33*m - 20. Let r(f) = f**2 - 8*f - 5. Let h(s) = -2*n(s) + 9*r(s). What is h(5)?
-10
Let f(v) = v**2 + 5*v + 7. Let q = -59 - -54. What is f(q)?
7
Let o(x) = 20 + x**2 + 5*x - 2 - 22. Give o(-6).
2
Let k(q) = -q**2 + 5*q - 3. Suppose 0 = 5*s + 4 - 19. Calculate k(s).
3
Let r(g) = -11*g**2 + 6*g**2 + 6*g**2. Give r(-2).
4
Let x(c) = -15*c**3 + 6*c**2 + 8*c + 5. Let s(y) = -7*y**3 + 3*y**2 + 4*y + 2. Let u(h) = 13*s(h) - 6*x(h). Let q = 10 + -20. Let z = q - -14. Give u(z).
-4
Let h(o) be the first derivative of 5/2*o**2 - 3 + 0*o. Let t(i) = -i**3 - 8*i**2 - i - 7. Let k be t(-8). Calculate h(k).
5
Let q(l) = -3*l - 2 - 4*l - 7 + 0*l. Let r(k) be the first derivative of 2*k**2 + 5*k + 1. Let j(w) = 3*q(w) + 5*r(w). Calculate j(-5).
3
Let x(u) be the third derivative of -u**6/720 + u**5/40 - u**4/24 + 7*u**2. Let s(b) be the second derivative of x(b). Give s(4).
-1
Let y(s) be the first derivative of -s - 1/3*s**3 - s**2 - 11. What is y(-2)?
-1
Suppose 27 = d + 2*d. Let s(o) = -4*o**3 - 2*o**2 + 1 - 8*o**3 + d*o**3. Give s(1).
-4
Let n(x) = x - 4. Suppose 23 = 4*o + 3*k, -2*o + 11 = -2*k + 3. Suppose 0 = -o*a - r + 341, 2*a + 4*r = -0*r + 140. Let j be a/20 - 6/(-10). What is n(j)?
0
Let h(w) = -3*w + 7. Let v(q) = 5*q - 15. Let o(r) = 9*h(r) + 4*v(r). Let a(m) = -20*m + 8. Let y(z) = 6*a(z) - 17*o(z). Calculate y(-3).
0
Let m be -5*1 + (14 - 11). Let p(h) = 3*h**2 + 4*h + 2. What is p(m)?
6
Let i(d) = 2*d**2 - 5*d**3 - 4 + 0*d**2 + 3*d + 4*d**3 + 3. Give i(3).
-1
Let l(t) = t**3 - 5*t**2 + t + 4. Let j(a) = a**2 + 10*a - 6. Let r be j(-11). Calculate l(r).
9
Let q(p) be the second derivative of -p**3/6 - p**2/2 + 13*p. Give q(6).
-7
Suppose c - 3 = r - 0, 3*c = -5*r + 1. Suppose 30 = 3*y + 5*m, 0 = -y + c*m - 5*m + 14. Let g(o) = o**3 + 3 + 7*o - 7 - 6*o**2 + 2. Determine g(y).
8
Let q(c) = 5*c - 6. Let y(o) = -11*o + 11. Suppose 2*x = x + 4. Let r(w) = x*y(w) + 9*q(w). What is r(0)?
-10
Let d(w) = w**2 - 6*w + 1. Suppose 5*s = z - 0*z + 25, 0 = -4*s - 3*z + 39. What is d(s)?
1
Let t(n) = -3*n**3 + 2*n - 1. Suppose p + 3*p - 12 = 0. Suppose 4 = p*s + 1. What is t(s)?
-2
Let n(u) = u**3 - 19*u**2 - 24*u + 79. Let y be n(20). Let d(f) = -3*f**2 - f - 3*f**2 + f**2. Determine d(y).
-4
Let y(j) = 5*j**2 + 4*j - 3. Let l(h) = h**2 + h - 1. Let x(z) = -3*l(z) + y(z). What is x(-2)?
6
Let y(k) = 7*k + 6. Let s(r) = 6*r + 7. Let h(m) = -2*s(m) + 3*y(m). What is h(-4)?
-32
Let i(u) = -7*u**2 + 9*u - 8. Suppose 0 = -v - 2*v - 21. Let a(z) = -10*z**2 + 14*z - 12. Let y(x) = v*i(x) + 5*a(x). Give y(5).
6
Let c be 6/4 - 15/(-10). Suppose 6 = -3*b - c. Let p(q) = q**3 + 4*q**2 + 4*q + 2. Determine p(b).
-1
Let r(f) = -f**2 - 6*f + 1. Let w(x) = -2*x**2 - 7*x. Let c(o) = -3*r(o) + 2*w(o). Let l(s) be the first derivative of c(s). What is l(3)?
-2
Let g(v) = -3*v + 3*v + v + 6. Suppose 5*h + 16 = h. Let y = h - -9. What is g(y)?
11
Let p(y) = -6*y - 1. Suppose -2*i + 7*i = -3*q + 7, 5*q + 5*i = 15. Suppose -15 = -5*k, -q = -n + 6*n - 3*k. Give p(n).
-7
Let c(p) be the first derivative of p**4/4 - p**3 + p**2 + p + 35. Calculate c(2).
1
Let w(k) = k**2. Let t(l) = -l**2 + 12*l - 10. Let s be t(11). What is w(s)?
1
Let d(x) = -x**2 + 20*x - 3. Let v be d(20). Let u(j) = 2*j + j + 0*j + 2. Give u(v).
-7
Let b be (1/(-2))/((-5)/(-10) + 0). Let n(v) = -2*v**2 + 2*v + v**2 + 1 + 2*v**2 - 2*v**3. Determine n(b).
2
Let t(z) = -z - 11*z**2 - 3 - 2*z + 12*z**2. Suppose -2*b - 2*j = 3*j - 14, j = 2*b - 2. Suppose -b*v - a = 4*a - 6, -4*v = -a - 12. Determine t(v).
-3
Let l(p) = p - 5. Suppose 0*w = 5*w + v + 20, 0 = -4*v. Determine l(w).
-9
Let h be -1*(-15)/(6/2). Suppose -2 + h = r. Let w(m) = -m - 3. Let x(n) = 3. Let t(b) = -2*w(b) - 3*x(b). Give t(r).
3
Let i(k) be the first derivative of -k**2/2 + 6*k - 1. What is i(6)?
0
Let o(m) be the first derivative of -4 - 1/4*m**4 + m + m**3 - 3/2*m**2. What is o(3)?
-8
Suppose -i + 3 = 4. Let n be 18/3 + i/1. Let j(t) = 2*t + 0 - 2 - 2. Determine j(n).
6
Let 